= -3*h + f*y. What are the prime factors of h?
2, 11
Let v(h) = -2*h**3 + 4*h**2 - 3*h - 4. Let x be v(3). Suppose -p + 215 = -6*p. Let t = x - p. List the prime factors of t.
2, 3
Suppose 0 = -4*c - 0 + 20. Suppose c*j = -3*f + 78, 0 + 69 = 3*f + 2*j. What are the prime factors of f?
3, 7
Let v(d) = -65*d**3 + d**2 - 1. List the prime factors of v(-1).
5, 13
Let d(w) = w + 17. Suppose -3*v = -2 - 4. Let y = -2 + v. List the prime factors of d(y).
17
Let n = 19 - 19. Suppose k - 5*o + 0*o - 13 = n, -29 = -k + o. List the prime factors of k.
3, 11
Let o be (-56)/(-12) + (-3)/(-9). Suppose -o*k = -28 - 47. List the prime factors of k.
3, 5
Suppose -d = h + 10, d + 2*h + 3*h = -30. Let k(m) = -3 + 5*m - 2 - 8*m. List the prime factors of k(d).
2, 5
Suppose 9*n = 10*n + 1. What are the prime factors of 1 + n + (3 - -36)?
3, 13
Suppose 5*o = o + 16. What are the prime factors of (-5 + o)/((-2)/50)?
5
Suppose 5*a = -4*i + 3, -i - 3 - 3 = -a. Let l = -45 + 81. Suppose l = d + a*d. What are the prime factors of d?
3
Let y(g) = -g**3 + 7*g**2 - 4*g + 1. Let u be y(6). Let d = 3 - u. List the prime factors of 4/d + (-372)/(-30).
2, 3
Let l = -64 + 99. Let h = l - 23. List the prime factors of h.
2, 3
Let a(f) = -f. Let v be a(-3). Suppose v = -3*r - 9. Let q = -1 - r. What are the prime factors of q?
3
Suppose 16 = 5*q + 2*l - 26, 2*q - 4 = -4*l. What are the prime factors of q?
2, 5
Let c(m) = -m + 1. Let d be c(-3). Suppose -d*x - 2 = 2*p - 0, -7 = -x + p. List the prime factors of (0 - 6/(-4))*x.
3
Suppose 5*v - i = 3*i - 63, 4*v + 42 = -i. Let a(h) be the second derivative of h**5/20 + h**4 + 2*h**3 + 15*h**2/2 + h. What are the prime factors of a(v)?
2
Suppose -33 - 7 = -5*t. Let h = 41 - t. Suppose -h = -3*b - 6. What are the prime factors of b?
3
Suppose -g = a - 8, g + 0*g + 3*a = 16. Suppose -x - g = -3*x. List the prime factors of x.
2
Let s(k) = 6*k - 5. Let m(h) = -3*h + 2. Let w(n) = -11*m(n) - 6*s(n). List the prime factors of w(-5).
23
Suppose 0 = -4*k + 3 + 1. Suppose z - 7 = 4*i, z + 4*i - 6 = k. List the prime factors of z.
7
Let p be (-2 + 8)/(2/1). Suppose -3*v + 33 = -p*i, 5*v - 3*i - 43 = v. What are the prime factors of v?
2, 5
Suppose 3*h - 5*a + 8 = 4*h, -37 = -2*h - 3*a. What are the prime factors of h?
23
What are the prime factors of 16/10*1040/(0 - -8)?
2, 13
Suppose -8*j - 50 = -138. List the prime factors of j.
11
Let m be -1 + -2 - (-2 + 4). Let g(o) = -3*o**3 + 3*o**3 + o**3 - 1 + 6*o**2 + 2*o. What are the prime factors of g(m)?
2, 7
Let q = -67 - -164. What are the prime factors of q?
97
Let g = 2 - 1. Suppose -g = -p + 10. List the prime factors of p.
11
Suppose 2*u - 4*g - 126 = 0, -5*u + 320 = -g - 4*g. List the prime factors of u.
5, 13
Let d = -40 - -70. What are the prime factors of d?
2, 3, 5
Suppose 0 = -2*h + 5 - 1. Suppose h*p + o - 12 = 0, 2*o + o = 6. What are the prime factors of p?
5
Let u be 1/(4/64*4). Suppose 2*r + 2*q = 10, -u*r + 6 + 20 = 2*q. What are the prime factors of r?
2
Let r(b) = -b**3 - b**2 - b + 1. Let i be r(-2). Let z = i + -2. What are the prime factors of z/(-2 + 3 - 0)?
5
Let y be 2/(-3)*-1*3. Let f be (-4)/(-2) - (y - -6). Let d = 25 + f. List the prime factors of d.
19
Let a(d) = -d + 5. Let j be a(5). Suppose 3*h = 4*i - 2*h - 81, j = -5*i - 4*h + 132. List the prime factors of i.
2, 3
Let m(a) = 4*a + 7. List the prime factors of m(6).
31
Let k = 0 + -5. Let a(j) = 2*j**2 + 5*j + 5. What are the prime factors of a(k)?
2, 3, 5
Let q(r) = -14*r**3 + 2*r**2 - r - 2. Let i be q(-2). Suppose 0 = -3*c - y + 109, 4*c - y = 4*y + i. List the prime factors of c.
5, 7
Let c = -13 + 5. What are the prime factors of c/(-2) - (1 - 4)?
7
Suppose -4 = -2*x, -4*z - 2*x + 584 = -0*z. What are the prime factors of z?
5, 29
Let a(x) = -28*x**3 - 4*x**2 - 5*x - 2. List the prime factors of a(-2).
2, 3
Let d(b) = -2*b**3 - 4*b**2 - 1. Let u(v) = -v - 6. Let x be u(-3). What are the prime factors of d(x)?
17
Let d = -7 + 5. Let w(s) be the first derivative of s**3 + 2*s**2 + 3*s + 1. List the prime factors of w(d).
7
Suppose 2 = 2*n + u, 0 = -8*u + 4*u. Let v be 5/((-15)/48) - n. Let c = v - -28. List the prime factors of c.
11
Suppose -4*v + h + 3*h + 180 = 0, 3*h - 165 = -3*v. Suppose -6 = -p - 1, -v = -4*y - 2*p. List the prime factors of y.
2, 5
Suppose 80 = 2*w + 24. Suppose -112 - w = -5*u. What are the prime factors of u?
2, 7
Let q(s) = 2*s + 14. Let m be q(-11). List the prime factors of 4/(-16) - 290/m.
2, 3
Suppose -4*c + 256 = 4*v, -184 - 13 = -3*v - 2*c. What are the prime factors of v?
3, 23
Let q(l) = -23*l**3 - 2*l**2 + l - 2. What are the prime factors of q(-2)?
2, 43
Suppose 4*t - 3 = 3*t. Suppose 4*f - 2 = p + 3, -f - 4 = -2*p. Suppose 49 = 5*l + 2*o, t + 10 = l + f*o. List the prime factors of l.
3
Let n(m) = -m**3 + 2. Let v be n(0). Let g be v*(7/2)/1. Suppose -3*r = -4*k, -r + 0*k + g = k. What are the prime factors of r?
2
Let u = 81 - 40. What are the prime factors of u?
41
Let n = -5 + 88. List the prime factors of n/9 - (-6)/(-27).
3
Let m = 5 - 4. List the prime factors of (-35)/(-10) - m/(-2).
2
Suppose -w + 43 = 2*l - 16, -3*l + 85 = 5*w. Suppose 4*n - 6 - 18 = -y, -4*y - l = -2*n. List the prime factors of n.
7
Let t = 127 + -2. List the prime factors of t.
5
Suppose -3*w - 2*i = -49, 5*w = -3*i + 89 - 9. What are the prime factors of w + -2 + 1 + 4?
2
Let h(k) = -2*k**2 - 4*k - 3. Let i be h(-2). Let j = -3 - i. List the prime factors of 4 + 0 + j + 1.
5
Suppose -2*d = -2*p - 14, -4*p = d - p + 9. Suppose r + 3*r - w - 20 = 0, -r = -d*w - 16. Let s(n) = -n**3 + 6*n**2 - 6*n + 5. List the prime factors of s(r).
13
Let z = -1 - -2. Let u = -1 + z. Suppose u = -6*o + 7*o - 17. What are the prime factors of o?
17
Suppose -4*l + 7 = -2*o - 9, 5*o - 32 = -2*l. Suppose -3*u - 39 = -l*u. List the prime factors of u.
13
Suppose 2*k + k = -18. Let d = -4 - k. Suppose d*w = 2*l - 14, -4*w + 40 = 3*l + 5. What are the prime factors of l?
3
Let v = -8 + 168. List the prime factors of v.
2, 5
Suppose 3*y - 32 = 5*y. Let k = y - -22. What are the prime factors of k?
2, 3
Suppose -5*s + 223 - 53 = 0. What are the prime factors of s?
2, 17
Suppose -u + 237 + 143 = 0. What are the prime factors of u?
2, 5, 19
Let m(b) be the first derivative of -b**2/2 + 9*b + 1. Suppose -4*f + 19 = -4*n + 3, 16 = n + 4*f. List the prime factors of m(n).
3
Suppose -7*f + 331 = -26. List the prime factors of f.
3, 17
Let s(a) = -7*a + 1. Suppose 0*k = 2*k + 2. Let j be s(k). Suppose -5*r - 15 = 0, 4*t - 3*r + j*r - 29 = 0. What are the prime factors of t?
11
Let c(i) = -i**3 + 8*i**2 + 3*i + 1. List the prime factors of c(6).
7, 13
Let b = -9 + 3. Let c(r) = r**2 + 7*r + 9. Let a be c(b). What are the prime factors of (20/12)/(1/a)?
5
Let b be 4/14 + 122/14. Suppose 2*v + v - b = 0. Let z = v - -1. List the prime factors of z.
2
Let a(j) = -2*j + 21. List the prime factors of a(-15).
3, 17
Suppose -7*v = -v - 198. What are the prime factors of v?
3, 11
Let v be 4 - 1 - 2 - 13. Let p = 1 - v. Let m = -6 + p. List the prime factors of m.
7
Let w(c) = -c**2 + 9*c - 4. Let n be w(8). Suppose 14 = 2*m - n. List the prime factors of m.
3
Let a = -11 + 19. Let o(y) = 3*y**2 - y - 1. Let s be o(-1). Suppose -1 = -s*f + a. What are the prime factors of f?
3
Let i = 19 + 20. List the prime factors of i.
3, 13
Let i(v) = -v**2 + v + 3. Let g be i(0). Suppose n + 43 = -2*t, -g*t = -3*n + 51 + 18. What are the prime factors of t/(-6) - (-2)/(-3)?
3
Let v be (41 - 9/3) + -2. Let m = -54 + 29. Let c = v + m. List the prime factors of c.
11
Let w(v) = 4*v**3 - 1. Let n be w(1). Let r(i) = n*i**2 - 6*i - i**2 + 2 + 0*i**2. List the prime factors of r(4).
2, 5
Let r = 16 + -26. List the prime factors of 4/r - (-104)/10.
2, 5
Suppose 5*d - 5 = -2*w, -3*w = 5*d + 2*w - 20. List the prime factors of 2 - (d - (6 - 1)).
2
Suppose -m + 5 = p, -2*p + 0*m - 4*m = -12. Let f = 7 - p. What are the prime factors of f?
3
Let l(k) = 2*k**2 + 5*k + 6. Let s be l(-4). Suppose -3*x - s = 2*x - 3*t, -4*t = -x - 7. List the prime factors of ((-1)/x)/(4/156).
13
Let u = 36 + -27. List the prime factors of u.
3
Let f = 43 - 107. Let p = -35 - f. List the prime factors of p.
29
Suppose 205 = x + 4*x. List the prime factors of x.
41
Suppos